s 6 divide 395?
False
Is 4027 a multiple of 168?
False
Is 1492 a multiple of 7?
False
Does 64 divide 8118?
False
Is 19 a factor of 855?
True
Does 134 divide 5159?
False
Does 46 divide 8050?
True
Is 115 even?
False
Does 11 divide 393?
False
Is 9408 a multiple of 98?
True
Does 9 divide 657?
True
Is 4 a factor of 60?
True
Is 54 a factor of 378?
True
Does 35 divide 2170?
True
Does 11 divide 1631?
False
Does 19 divide 242?
False
Is 5902 a multiple of 13?
True
Does 28 divide 56?
True
Is 40 a factor of 160?
True
Does 40 divide 40?
True
Does 112 divide 6496?
True
Does 16 divide 8624?
True
Does 12 divide 545?
False
Is 1751 a multiple of 2?
False
Is 2145 a multiple of 11?
True
Does 9 divide 584?
False
Is 9 a factor of 10141?
False
Is 1031 a multiple of 34?
False
Does 8 divide 216?
True
Is 8 a factor of 104?
True
Does 13 divide 4433?
True
Is 5 a factor of 585?
True
Does 151 divide 5405?
False
Is 1368 a multiple of 8?
True
Does 59 divide 473?
False
Does 30 divide 35310?
True
Does 4 divide 366?
False
Is 8865 a multiple of 45?
True
Is 1018 a multiple of 2?
True
Is 901 a multiple of 49?
False
Is 661 a multiple of 7?
False
Is 23182 a multiple of 173?
True
Is 42 a multiple of 2?
True
Is 46 a multiple of 46?
True
Is 774 a multiple of 5?
False
Is 7 a factor of 34?
False
Is 6430 a multiple of 45?
False
Does 11 divide 44?
True
Is 10088 a multiple of 13?
True
Does 70 divide 3360?
True
Does 4 divide 308?
True
Is 7017 a multiple of 3?
True
Is 500 a multiple of 12?
False
Is 53622 a multiple of 50?
False
Is 31 a factor of 4557?
True
Does 24 divide 312?
True
Is 19367 a multiple of 13?
False
Does 16 divide 385?
False
Does 42 divide 27926?
False
Is 16 a factor of 26190?
False
Is 8008 a multiple of 28?
True
Is 8 a factor of 342?
False
Is 7226 a multiple of 29?
False
Does 52 divide 1667?
False
Is 23 a factor of 1928?
False
Is 7 a factor of 1022?
True
Is 57 a factor of 2622?
True
Is 56 a factor of 13780?
False
Does 147 divide 8765?
False
Is 222 a factor of 35742?
True
Is 52 a factor of 599?
False
Does 48 divide 719?
False
Is 24 a factor of 59777?
False
Is 35 a factor of 7135?
False
Does 6 divide 5063?
False
Is 38900 a multiple of 17?
False
Is 9 a factor of 179?
False
Is 5 a factor of 6795?
True
Is 4341 a multiple of 95?
False
Is 351 a multiple of 13?
True
Does 222 divide 48396?
True
Is 1296 a multiple of 12?
True
Does 24 divide 2016?
True
Does 25 divide 50?
True
Is 390 a multiple of 20?
False
Is 4 a factor of 552?
True
Is 17031 a multiple of 16?
False
Is 622 a multiple of 8?
False
Does 75 divide 22960?
False
Is 3 a factor of 51?
True
Is 310 a multiple of 5?
True
Is 28 a factor of 1848?
True
Is 6069 a multiple of 21?
True
Does 2 divide 247?
False
Is 7 a factor of 3240?
False
Is 86 a factor of 5437?
False
Is 67 a factor of 889?
False
Is 5863 a multiple of 11?
True
Is 13390 a multiple of 65?
True
Is 472 a multiple of 2?
True
Does 131 divide 4585?
True
Is 23280 a multiple of 3?
True
Is 14770 a multiple of 14?
True
Does 20 divide 1806?
False
Is 14 a factor of 410?
False
Does 4 divide 95?
False
Does 25 divide 2454?
False
Does 13 divide 31018?
True
Is 25 a factor of 447?
False
Is 4 a factor of 721?
False
Is 1907 a multiple of 37?
False
Is 44 a factor of 715?
False
Does 11 divide 9579?
False
Is 3903 a multiple of 73?
False
Is 21 a factor of 1029?
True
Is 1000 a multiple of 13?
False
Is 228 a multiple of 12?
True
Does 15 divide 4292?
False
Does 148 divide 93684?
True
Is 12 a factor of 1027?
False
Does 29 divide 1435?
False
Does 86 divide 430?
True
Is 29 a factor of 203?
True
Is 334 a multiple of 45?
False
Is 864 a multiple of 3?
True
Is 53 a multiple of 53?
True
Does 75 divide 2911?
False
Is 22469 a multiple of 16?
False
Is 11 a factor of 437?
False
Is 8 a factor of 22752?
True
Is 701 a multiple of 17?
False
Is 14191 a multiple of 55?
False
Is 45 a factor of 3505?
False
Does 53 divide 509?
False
Is 13 a factor of 3852?
False
Is 4 a factor of 820?
True
Is 70 a factor of 7420?
True
Is 17 a factor of 108749?
True
Does 4 divide 2732?
True
Is 34 a multiple of 5?
False
Is 23229 a multiple of 30?
False
Is 69511 a multiple of 6?
False
Is 2334 a multiple of 30?
False
Is 554 a multiple of 15?
False
Is 82 a factor of 1476?
True
Is 216 a multiple of 12?
True
Does 16 divide 554?
False
Does 17 divide 33524?
True
Does 19 divide 969?
True
Does 16 divide 3744?
True
Does 3 divide 186?
True
Does 27 divide 5916?
False
Is 34 a factor of 17591?
False
Is 13986 a multiple of 54?
True
Is 17 a factor of 30706?
False
Is 6 a factor of 306?
True
Is 180 a multiple of 9?
True
Is 44 a factor of 10648?
True
Does 15 divide 4635?
True
Is 16 a factor of 1415?
False
Is 35 a factor of 4150?
False
Is 3081 a multiple of 10?
False
Does 50 divide 150?
True
Does 3 divide 35?
False
Is 246 a multiple of 4?
False
Does 34 divide 3675?
False
Does 17 divide 3730?
False
Does 18 divide 421?
False
Does 11 divide 618?
False
Is 19 a multiple of 19?
True
Is 720 a multiple of 15?
True
Is 135 a multiple of 5?
True
Is 40 a factor of 584?
False
Is 1835 a multiple of 5?
True
Is 40790 a multiple of 18?
False
Is 62463 a multiple of 427?
False
Is 900 a multiple of 25?
True
Is 47 a factor of 17392?
False
Is 3 a factor of 1681?
False
Does 84 divide 11172?
True
Is 6440 a multiple of 115?
True
Is 219 a factor of 15648?
False
Is 73260 a multiple of 33?
True
Does 5 divide 14139?
False
Does 163 divide 4752?
False
Is 42 a factor of 23184?
True
Does 2 divide 3022?
True
Is 8 a factor of 15524?
False
Does 11 divide 957?
True
Is 18 a factor of 54?
True
Is 814 a multiple of 23?
False
Does 22 divide 19176?
False
Is 5148 a multiple of 78?
True
Does 126 divide 78049?
False
Is 5 a factor of 6712?
False
Is 16006 a multiple of 151?
True
Does 18 divide 1228?
False
Is 18 a factor of 5598?
True
Is 39 a factor of 1677?
True
Is 972 a multiple of 54?
True
Does 35 divide 840?
True
Does 53 divide 55173?
True
Is 2 a factor of 670?
True
Is 5460 a multiple of 28?
True
Is 3288 a multiple of 8?
True
Is 10 a factor of 2559?
False
Is 695 a multiple of 24?
False
Is 482 a multiple of 12?
False
Is 5382 a multiple of 18?
True
Is 7 a factor of 3668?
True
Does 22 divide 2059?
False
Is 47 a factor of 1880?
True
Does 13 divide 70?
False
Is 19897 a multiple of 197?
True
Is 10 a factor of 1510?
True
Is 23 a factor of 20483?
False
Is 803 a multiple of 11?
True
Is 22 a multiple of 12?
False
Is 13 a factor of 208?
True
Is 19 a factor of 2413?
True
Is 148 a multiple of 21?
False
Does 14 divide 76897?
False
Is 3102 a multiple of 3?
True
Is 41 a factor of 3005?
False
Does 34 divide 3026?
True
Does 16 divide 1664?
True
Is 4730 a multiple of 8?
False
Does 13 divide 84149?
True
Is 301 a multiple of 31?
False
Is 540 a multiple of 18?
True
Is 143 a factor of 75504?
True
Is 1098 a multiple of 61?
True
Does 14 divide 12424?
False
Is 725 a multiple of 15?
False
Is 63 a factor of 399?
False
Is 460 a multiple of 2?
True
Is 98 a factor of 60956?
True
Does 8 divide 634?
False
Is 70 a factor of 2240?
True
Does 193 divide 2396?
False
Does 124 divide 13888?
True
Is 432 a multiple of 27?
True
Is 17103 a multiple of 21?
False
Does 9 divide 44707?
False
Does 4 divide 95?
False
Does 14 divide 13839?
False
Does 47 divide 25360?
False
Is 81 a factor of 48324?
False
Does 30 divide 1650?
True
Is 18 a factor of 54?
True
Is 33 a factor of 3354?
False
Does 16 divide 3643?
False
Is 320 a multiple of 32?
True
Is 86445 a multiple of 51?
True
Does 33 divide 8778?
True
Is 17 a factor of 2104?
False
Is 15 a factor of 165?
True
Is 11 a factor of 2540?
False
Is 17 a factor of 46?
False
Is 4312 a multiple of 44?
True
Does 11 divide 1012?
True
Is 12 a factor of 850?
False
Is 3296 a multiple of 3?
False
Does 9 divide 1926?
True
Does 22 divide 1144?
True
Is 17 a factor of 47124?
True
Is 29 a factor of 19565?
False
Is 131 a factor of 38252?
True
Is 23882 a multiple of 12?
False
Does 4 divide 2744?
True
Does 167 divide 1169?
True
Is 3570 a multiple of 42?
True
Does 56 divide 1120?
True
Is 78276 a multiple of 66?
True
Is 3637 a multiple of 5?
False
Does 21 divide 399?
True
Does 9 divide 4617?
True
Is 43979 a multiple of 192?
False
Does 137 divide 12878?
True
Does 30 divide 19337?
False
Is 672 a multiple of 96?
True
Is 5 a factor of 4270?
True
Does 25 divide 3443?
False
Is 2944 a multiple of 22?
False
Is 33125 a multiple of 125?
T